+ y*s, -s + 27 = 3*x. What is the tens digit of x/(4 + -3 - 0)?
1
Let h be (-3950)/(-45) - (-4)/18. Suppose -h = -5*m + 42. What is the tens digit of m?
2
What is the units digit of ((-114)/24)/(3/(-24))?
8
Let s be (0 - 2)*26/4. Let v(p) = -4*p - p + 2*p - 13 - 5. What is the tens digit of v(s)?
2
Suppose u + 0 = 3*p - 2, -10 = 3*u - 5*p. Let x be (2 - (0 + 1))*6. Let f = u + x. What is the units digit of f?
1
Let b(v) = -v**3 + 12 + 0*v + 11*v**2 - 8*v - v**2. What is the units digit of b(9)?
1
Let a(b) = 3*b + 1. Let o be a(1). Suppose 0*c + 56 = o*c. Suppose 3*q + c = 5*q. What is the units digit of q?
7
Let q(f) = -77*f**3 + f**2 + 2*f. What is the units digit of q(-1)?
6
Let v = -15 + 16. Suppose r = -4*c + 65, -2*r + r = -v. What is the units digit of c?
6
Let l be ((-2)/(-3))/((-4)/(-18)). Let f(v) = 5*v. Let m be f(1). Suppose -2*o = -m*c - 19, c + 2*c = -3*o - l. What is the units digit of o?
2
Let t = -4 - -3. Suppose -5*q = 3*g + 12, 2*q = 4*g - 10 - 0. What is the units digit of g - -6 - (-2)/t?
5
Let u = -5 + 11. Let x be 1*-3*u/9. What is the units digit of (-18)/x + 0 + -1?
8
Let h = 60 - 26. What is the tens digit of h?
3
Let k be (6/(-15))/(1/(-10)). What is the tens digit of (-295)/(-20) + 1/k?
1
Let o = 4 - 1. Let w = o + -2. Let f = w + 0. What is the units digit of f?
1
Suppose 4 = i, -6*r = -3*r + 5*i - 32. Suppose -2*y + 26 = -r*f, -2*y + 24 = -0*y - 5*f. What is the tens digit of (1/(-1))/((-1)/y)?
1
Let q = 5 + -3. What is the units digit of 2*(3/q - 1)?
1
Let w(p) = -p - 1. Let i be w(-6). Let c(t) = 2*t**2 - 8*t + 4. What is the tens digit of c(i)?
1
Suppose 2*f - 4 - 14 = 0. Suppose 4*p = -3*a + 45 - f, -p - 3*a = -9. Suppose -5*t = -p*t - 16, 0 = -4*n + 3*t + 56. What is the units digit of n?
1
Let s(z) = -z + 6. Let c be s(5). Suppose -2*w + c + 3 = 0. Suppose w*x - 1 + 0 = -3*o, 4*x = -2*o - 2. What is the units digit of o?
1
Suppose 9 - 45 = -4*g. Let y(z) = 2*z - 4. Let v be y(g). Suppose 2*s = 4*s - v. What is the units digit of s?
7
Let l(s) = -11*s**3 - 29*s**2 - 24*s - 1. Let f(i) = -4*i**3 - 10*i**2 - 8*i. Let r(d) = -8*f(d) + 3*l(d). What is the units digit of r(-6)?
9
Let s = 263 + -149. What is the hundreds digit of s?
1
Let x = 7 + -2. Suppose -2*s = -6*s. What is the units digit of x - (-2 + 2 - s)?
5
Suppose s = -4*s + 85. What is the tens digit of s?
1
Let z = -7 + 3. Let v = z - -6. What is the units digit of v?
2
Let d(k) = 2*k - 6. Let y be d(7). Let x = y + 6. What is the tens digit of x?
1
Suppose -5*p + 6 = -9. Let x(j) = -j**2 - 5*j + 10. Let q be x(-6). Suppose p*r - 23 = q. What is the units digit of r?
9
Suppose 0 = 3*o - 3*h + 8*h, -2*h + 21 = -3*o. Let q(a) = a**3 + 6*a**2 + 4*a - 2. Let j be q(o). Suppose -3 = -g + j. What is the units digit of g?
6
Suppose -2*v - 2 = -3*v. Suppose -r + 5*b = 3*r - 7, 0 = -r + v*b + 1. Suppose -r*l - 3*w + 5*w = -26, 5*l - 42 = 3*w. What is the units digit of l?
6
Let w = -3 - -6. Suppose 1 = -2*f - 5*u, u + 42 = w*f + 1. What is the units digit of f?
2
Suppose -4*j = 5*d - j - 155, -4*j = 0. What is the tens digit of d?
3
Let c(y) = y**3 + 5*y**2 + 6*y + 6. Let h be c(-4). What is the units digit of (60/(-35))/(h/7)?
6
Suppose 0*w = -5*w - 20. Let h be (-1)/2 - 10/w. Suppose -4*y = 2*c + 10, -4*c - 1 = -h*y - 11. What is the units digit of c?
1
What is the units digit of ((-6)/(-1))/(6/21 + 0)?
1
Let f(n) = -n**2 + 8*n + 8. Let w be f(7). What is the units digit of w/25 + (-272)/(-5)?
5
Suppose 25 = 3*n + 2*n - 5*g, 3*n + 3*g = 33. What is the units digit of n?
8
Let a = -4 - -12. Let l = a - 13. Let m = l + 12. What is the units digit of m?
7
Let p(r) = r**3 + 4*r**2 + 2*r + 4. Let w be p(-3). Let x = w + 7. What is the units digit of x?
4
Suppose u = 5*q + 65, 5*u - 65 = 4*u - 5*q. Let y(h) = 4*h + 3. Let x be y(3). Suppose m - 2*v = x, 5*v + u = 6*m - m. What is the units digit of m?
1
Let t(u) = -u**3 - 12*u**2 - 14*u + 11. What is the units digit of t(-11)?
4
Let n(g) = g**2 - 3*g + 4. Let d be n(2). Suppose 7*p - d*p - 50 = 0. What is the units digit of p?
0
Let m = 65 + -22. What is the tens digit of m?
4
Let r(v) = -37*v**3 - v**2 - 3*v - 2. What is the units digit of r(-1)?
7
Let u(p) = -p - 1. Let h be u(6). Let q = h - -14. What is the units digit of q?
7
Suppose -5*d = 7 - 22. Suppose 30 = 5*v + 4*s - 10, 0 = -d*v - 3*s + 24. What is the units digit of v?
8
Let t = 356 + -180. What is the tens digit of t?
7
Let h = -3 + 26. Suppose 5*q = -20, -5*t = -4*t + 2*q - h. What is the tens digit of t?
3
Let c = 6 + -17. Let h = c - -44. What is the tens digit of h?
3
Let m = 0 - 0. Suppose m = -5*g + 5. What is the units digit of 6 + (-2 - (-1 - g))?
6
Let z(i) = -2*i + 8. Let s be z(7). Let f = 12 + s. Suppose -3*r - 4*x = -4 - f, -4*r + 30 = -3*x. What is the units digit of r?
6
Let k = 34 + -30. Suppose -80 = -4*h - 4*w, -5*w + 112 - 30 = 4*h. What is the units digit of h/(-4)*k/(-3)?
6
Suppose 0 = q - 3*d + 5*d - 149, -3*d = 3*q - 435. What is the hundreds digit of q?
1
Suppose -5*s - 122 = 43. What is the units digit of -2 - -5 - 2 - s?
4
Let u(y) = 38*y - 16. What is the units digit of u(4)?
6
What is the units digit of 2/(-4) + (-77)/(-2)?
8
Let q(y) be the first derivative of -5*y**2 + 10*y + 1/3*y**3 - 3. What is the units digit of q(9)?
1
Suppose 4*h - 14 = -3*y + 4, -5*h - 12 = -2*y. Suppose -22*f = -25*f + y. What is the units digit of f?
2
Let r(z) = 15*z. Let m be r(3). Suppose -2*j = -5*j + m. What is the tens digit of j?
1
Let d = -8 + 25. Let q(h) = h - 9. Let t be q(6). Let w = t + d. What is the tens digit of w?
1
Let t(s) = -s**3 + 10*s**2 + 13*s - 12. What is the units digit of t(11)?
0
Let r(w) = w**2 - 3*w - 2. Let p be r(4). Suppose -3*l + p*l - 4 = 0, -3*b + 5*l + 128 = 0. What is the units digit of b?
6
Let l be (-126)/(-8) + 9/(-12). Let b = -16 + 7. Let y = l + b. What is the units digit of y?
6
Let q(i) = -i**3 + 5*i**2 + 4*i + 6. Suppose -4*x + 14 + 6 = 0. Let u be q(x). Suppose -k - 5*b + 8 = 2*k, 4*k = b + u. What is the units digit of k?
6
Suppose 0 = 3*g - 43 + 1. What is the tens digit of (-32)/(-3)*21/g?
1
Suppose 6*w + 103 = 3*n + 4*w, w - 41 = -n. Suppose 0 = -5*u - n + 12, 5*u + 75 = 5*h. What is the tens digit of h?
1
What is the units digit of 12/(-9) - -2 - (-22)/3?
8
Let t(c) = -3*c - 6. What is the units digit of t(-7)?
5
Let p(l) = l + 13. Suppose -2*j + y - 14 = 2, 3*y - 36 = 4*j. What is the units digit of p(j)?
7
Let u = 7 - 3. Let k be u/10 + 144/15. Suppose -k = -4*q - q. What is the units digit of q?
2
Suppose 0 = -2*i - 2*p + 58, 5*i = -3*p + 16 + 127. What is the tens digit of i?
2
Suppose -4*i - p = -3*p + 36, -i - 9 = 2*p. Let j = -1 - i. What is the units digit of j?
8
What is the units digit of 26*-3*28/(-24)?
1
Let j(s) = -s - 5. Let u be j(-4). Let b be (u + 3)*2/2. What is the units digit of (b/2)/(2 - 1)?
1
Let h(r) = 25*r**2 - 10*r + 2. What is the units digit of h(3)?
7
Suppose -2*l + 0 = -76. What is the tens digit of l?
3
Suppose -3*a = -a. Suppose a = 2*o + 4 - 8. What is the units digit of o?
2
Suppose 3*y + 8 = 7*y. Suppose -y = -4*m + 34. What is the units digit of m?
9
Let j(z) = 2*z**3 - 2*z**2 + 4*z - 2. Let v be j(2). Suppose -v = g - 4*n, -4*g + 0*n + 16 = 2*n. Suppose -g = 4*y - 14. What is the units digit of y?
3
Suppose 4 + 5 = 3*t. Suppose -y + t = 2*y. Suppose c - y = 5. What is the units digit of c?
6
Let g(a) = a**2 + 3*a + 2. Let m be (-19)/7 + 6/(-21). What is the units digit of g(m)?
2
Let z(f) = f - 8. Let t be z(6). What is the units digit of 0/3 - 2/t?
1
Let c(n) = 2*n - 2*n - 2*n. What is the units digit of c(-2)?
4
Suppose 79 = 3*s - 5*z, 5*s - z = -22 + 183. What is the tens digit of s?
3
Let y(a) = a**2 - a. Suppose 3*f + 0 = 3. Let x be y(f). Let w(c) = c**2 - c + 1. What is the units digit of w(x)?
1
Suppose -i = -2*i - h + 59, 4*i + h = 239. What is the tens digit of i?
6
Suppose -6*x + x = -2*u - 12, 5*u - 8 = 3*x. Suppose 0 = -5*p - x*w + 108, -p + 4*w + 2 + 10 = 0. Suppose f - p = -3*f. What is the units digit of f?
5
Let d(l) = -l**3 + 11*l**2 + 9*l + 6. Let p be d(12). What is the units digit of 3/((p/62)/(-5))?
1
Let x(d) = 6*d + 5. Let b(m) = 2*m + 2. Let g(k) = 8*b(k) - 3*x(k). Let t be (1 - 5) + -3 + 4. What is the units digit of g(t)?
7
Sup